6?
1
What is the tens digit of 2893?
9
What is the ten thousands digit of 38344?
3
What is the thousands digit of 8269?
8
What is the tens digit of 578?
7
What is the hundreds digit of 3688?
6
What is the tens digit of 98?
9
What is the thousands digit of 16726?
6
What is the units digit of 2359?
9
What is the units digit of 6208?
8
What is the units digit of 12235?
5
What is the ten thousands digit of 61428?
6
What is the tens digit of 1928?
2
What is the units digit of 4892?
2
What is the tens digit of 2596?
9
What is the units digit of 42742?
2
What is the units digit of 14330?
0
What is the hundreds digit of 12742?
7
What is the hundreds digit of 22041?
0
What is the hundreds digit of 20741?
7
What is the hundreds digit of 73847?
8
What is the thousands digit of 26349?
6
What is the tens digit of 67143?
4
What is the hundreds digit of 6734?
7
What is the units digit of 587?
7
What is the units digit of 3465?
5
What is the hundreds digit of 14594?
5
What is the thousands digit of 2328?
2
What is the tens digit of 6646?
4
What is the units digit of 1120?
0
What is the tens digit of 12888?
8
What is the thousands digit of 3672?
3
What is the tens digit of 651?
5
What is the ten thousands digit of 18974?
1
What is the thousands digit of 4415?
4
What is the units digit of 460?
0
What is the hundreds digit of 669?
6
What is the units digit of 1572?
2
What is the hundreds digit of 678?
6
What is the ten thousands digit of 21636?
2
What is the hundreds digit of 12316?
3
What is the tens digit of 1469?
6
What is the tens digit of 2568?
6
What is the units digit of 9127?
7
What is the tens digit of 4149?
4
What is the units digit of 665?
5
What is the thousands digit of 35175?
5
What is the thousands digit of 26460?
6
What is the thousands digit of 2568?
2
What is the hundreds digit of 1313?
3
What is the tens digit of 111271?
7
What is the tens digit of 27758?
5
What is the hundreds digit of 368?
3
What is the units digit of 3180?
0
What is the hundreds digit of 2735?
7
What is the units digit of 875?
5
What is the tens digit of 1479?
7
What is the hundreds digit of 190?
1
What is the thousands digit of 1975?
1
What is the hundreds digit of 42055?
0
What is the units digit of 1680?
0
What is the units digit of 2093?
3
What is the hundreds digit of 23834?
8
What is the units digit of 10526?
6
What is the thousands digit of 9074?
9
What is the hundreds digit of 1758?
7
What is the units digit of 9309?
9
What is the tens digit of 1845?
4
What is the tens digit of 1850?
5
What is the hundreds digit of 418?
4
What is the ten thousands digit of 12036?
1
What is the thousands digit of 7484?
7
What is the units digit of 1123?
3
What is the units digit of 10421?
1
What is the ten thousands digit of 10335?
1
What is the units digit of 109913?
3
What is the hundreds digit of 2483?
4
What is the ten thousands digit of 14303?
1
What is the units digit of 602?
2
What is the hundreds digit of 10908?
9
What is the units digit of 272?
2
What is the tens digit of 201?
0
What is the units digit of 2140?
0
What is the hundreds digit of 16293?
2
What is the units digit of 15664?
4
What is the hundreds digit of 33878?
8
What is the ten thousands digit of 31712?
3
What is the tens digit of 39828?
2
What is the units digit of 5736?
6
What is the tens digit of 522?
2
What is the hundreds digit of 30520?
5
What is the units digit of 16055?
5
What is the thousands digit of 3579?
3
What is the hundreds digit of 47360?
3
What is the thousands digit of 37313?
7
What is the hundreds digit of 16743?
7
What is the hundreds digit of 59424?
4
What is the tens digit of 14025?
2
What is the tens digit of 586?
8
What is the hundreds digit of 31556?
5
What is the units digit of 1477?
7
What is the units digit of 25219?
9
What is the units digit of 1855?
5
What is the units digit of 578?
8
What is the hundreds digit of 14003?
0
What is the hundreds digit of 9332?
3
What is the tens digit of 22?
2
What is the units digit of 3425?
5
What is the hundreds digit of 39418?
4
What is the hundreds digit of 29102?
1
What is the hundreds digit of 87375?
3
What is the tens digit of 6199?
9
What is the tens digit of 895?
9
What is the thousands digit of 7106?
7
What is the hundreds digit of 184?
1
What is the ten thousands digit of 54762?
5
What is the tens digit of 36308?
0
What is the ten thousands digit of 47589?
4
What is the ten thousands digit of 29233?
2
What is the units digit of 406?
6
What is the tens digit of 128511?
1
What is the ten thousands digit of 15871?
1
What is the tens digit of 823?
2
What is the thousands digit of 14743?
4
What is the units digit of 259?
9
What is the hundreds digit of 9860?
8
What is the thousands digit of 81916?
1
What is the tens digit of 3489?
8
What is the units digit of 281?
1
What is the hundreds digit of 15992?
9
What is the thousands digit of 12234?
2
What is the thousands digit of 27489?
7
What is the ten thousands digit of 43447?
4
What is the ten thousands digit of 38347?
3
What is the tens digit of 722?
2
What is the hundreds digit of 8547?
5
What is the tens digit of 1678?
7
What is the tens digit of 81806?
0
What is the tens digit of 47?
4
What is the units digit of 817?
7
What is the tens digit of 7185?
8
What is the units digit of 3974?
4
What is the thousands digit of 2468?
2
What is the tens digit of 498?
9
What is the units digit of 20267?
7
What is the units digit of 215?
5
What is the hundreds digit of 487?
4
What is the thousands digit of 56081?
6
What is the units digit of 797?
7
What is the thousands digit of 99566?
9
What is the thousands digit of 53166?
3
What is the hundreds digit of 21518?
5
What is the units digit of 59423?
3
What is the tens digit of 5409?
0
What is the units digit of 1275?
5
What is the units digit of 42978?
8
What is the units digit of 3051?
1
What is the hundreds digit of 1361?
3
What is the units digit of 537?
7
What is the units digit of 64396?
6
What is the units digit of 5801?
1
What is the tens digit of 11746?
4
What is the tens digit of 1594?
9
What is the ten thousands digit of 20214?
2
What is the units digit of 183?
3
What is the units digit of 12957?
7
What is the hundreds digit of 3220?
2
What is the units digit of 65855?
5
What is the units digit of 41455?
5
What is the hundreds digit of 2308?
3
What is the hundreds digit of 1814?
8
What is the thousands digit of 65744?
5
What is the thousands digit of 1827?
1
What is the units digit of 753?
3
What is the hundreds digit of 944?
9
What is the thousands digit of 5884?
5
What is the thousands digit of 45508?
5
What is the tens digit of 539?
3
What is the units digit of 8721?
1
What is the tens digit of 7914?
1
What is the thousands digit of 1144?
1
What is the tens digit of 812?
1
What is the thousands digit of 3842?
3
What is the thousands digit of 79149?
9
What is the tens digit of 54716?
1
What is the tens digit of 8254?
5
What is the thousands digit of 41835?
1
What is the tens digit of 642?
4
What is the tens digit of 1149?
4
What is the units digit of 1017?
7
What is the hundreds digit of 11628?
6
What is the tens digit of 26535?
3
What is the hundreds digit of 833?
8
What is the thousands digit of 51279?
1
What is the units digit of 1393?
3
What is the units digit of 1474?
4
What is the hundreds digit of 949?
9
What is the thousands digit of 1335?
1
What is the ten thousands digit of 95554?
9
What is the hundreds digit of 12421?
4
What is the thousands digit of 5521?
5
What is the ten thousands digit of 24168?
2
What is the tens digit of 43788?
8
What is the hundreds digit of 4714?
7
What is the hundreds digit of 3949?
9
What is the units digit of 1771?
1
What is the tens digit of 4870?
7
What is the ten thousands digit of 32503?
3
What is the thousands digit of 7580?
7
What is the thousands digit of 103560?
3
What is the thousands digit of 26675?
6
What is the ten thousands digit of 15998?
1
What is the units digit of 1881?
1
What is the tens digit of 974?
7
What is the units digit of 178?
8
What is the thousands digit of 5103?
5
What is the ten thousands digit of 86174?
8
What is the units digit of 1989?
9
What is the hundreds digit of 359?
3
What is the tens digit of 89509?
0
What is the hundreds digit of 461?
4
What is the ten thousands